hat is -556 - -4232?
3aba
In base 7, what is -1 + 342255504?
342255503
In base 15, what is -1c - -be1ce?
be1b2
In base 3, what is -1111222000110002 - -22?
-1111222000102210
In base 6, what is -4253004 + 235?
-4252325
In base 12, what is -116456712 + -4?
-116456716
In base 12, what is 78877 + -a2?
78795
In base 4, what is -110321131322 + 112?
-110321131210
In base 14, what is 3d - 38d4d?
-38d10
In base 10, what is 2453761 + -17?
2453744
In base 3, what is 101012201 + -120211?
100121220
In base 13, what is -10077 - 1162a?
-216a4
In base 12, what is 3 - -6a044a14?
6a044a17
In base 9, what is 327317157 - 5?
327317152
In base 6, what is 410 - -4205212?
4210022
In base 14, what is 1c4 - -1800d0?
1802b4
In base 14, what is 896 - 3dd?
497
In base 9, what is 154078643 - 2?
154078641
In base 3, what is -101010112 - 10201021210?
-11002102022
In base 13, what is -c - 793203?
-793212
In base 6, what is -32545 + 1110034?
1033045
In base 14, what is -1ac563 + -392?
-1ac915
In base 3, what is -210000120210010 + 101?
-210000120202202
In base 5, what is 10243304131 + 1?
10243304132
In base 5, what is -21303 - -10011343?
4440040
In base 6, what is -4 - -521033?
521025
In base 6, what is 355040414 + 4?
355040422
In base 13, what is 7 + -5230a4?
-52309a
In base 7, what is 2 + -61345505?
-61345503
In base 12, what is -13 + -17863a5?
-17863b8
In base 8, what is -230720737 - 4?
-230720743
In base 5, what is 213233133412 - -10?
213233133422
In base 4, what is -120 - -11111120022200?
11111120022020
In base 5, what is -30111112 + -31?
-30111143
In base 13, what is 3188b30 + 1?
3188b31
In base 9, what is 212 + -105164?
-104852
In base 14, what is -113 - -245db?
244c8
In base 5, what is 34032 - -111302?
200334
In base 4, what is 33 - -33231333120?
33231333213
In base 14, what is 0 - -1095a1?
1095a1
In base 3, what is 2111221222 + -11202?
2111210020
In base 10, what is 5998635 + 1?
5998636
In base 9, what is 78304468 - 0?
78304468
In base 8, what is -25415445 + -17?
-25415464
In base 15, what is -2 - b94238?
-b9423a
In base 2, what is 1 - -1111110011000110101010110?
1111110011000110101010111
In base 4, what is 11001012301121 - 11?
11001012301110
In base 5, what is 4014221 - -4234?
4024010
In base 3, what is -1102212 + 1221202212221?
1221201110002
In base 3, what is -21010200 + 112200001022?
112101220122
In base 6, what is 53102 - 521143?
-424041
In base 7, what is -364 - -3150551?
3150154
In base 2, what is 11 + -10100101010011000000010?
-10100101010010111111111
In base 7, what is -35426630 + -10?
-35426640
In base 10, what is -39686 + -1146?
-40832
In base 8, what is -44275 + -7322?
-53617
In base 15, what is -37559 + -2c6?
-37830
In base 9, what is 7 + 2848027?
2848035
In base 6, what is -4 + -1535445530?
-1535445534
In base 14, what is -37a - b57d5?
-b5b71
In base 6, what is 231 - -2140435?
2141110
In base 15, what is 1a4c2b - 123?
1a4b08
In base 15, what is -2d7e - 4523?
-73a2
In base 13, what is 19200 - -558?
19758
In base 12, what is -2 - -13578657?
13578655
In base 10, what is -1730 + 17735?
16005
In base 9, what is 352763 - 111?
352652
In base 12, what is 2 + -576867?
-576865
In base 2, what is -1010001 - 11010100100100111?
-11010100101111000
In base 12, what is 1 - 683811?
-683810
In base 7, what is -1 - 65125464?
-65125465
In base 6, what is -32 + -5153231?
-5153303
In base 6, what is 4 - 454002404?
-454002400
In base 6, what is -20 - -11103420133?
11103420113
In base 8, what is -17 + 753300?
753261
In base 5, what is -13334242030 - -2?
-13334242023
In base 13, what is -2 - 264632?
-264634
In base 5, what is -1212042332240 - 0?
-1212042332240
In base 11, what is 391 - -1aaa?
2390
In base 13, what is 5 + -391ac7?
-391ac2
In base 13, what is 4c2a1 + 119?
4c3ba
In base 16, what is -118 - 13e7?
-14ff
In base 10, what is 24619 - 161?
24458
In base 7, what is -1030 + 115055?
114025
In base 9, what is -2 - -6722786?
6722784
In base 9, what is 2365858821 + 0?
2365858821
In base 15, what is 187 + -654c?
-63b5
In base 15, what is -3212 - 11a?
-332c
In base 4, what is 22021320 + 102303?
22130223
In base 10, what is 610 - 5509?
-4899
In base 7, what is 232462 - -4263?
240055
In base 12, what is 1369 - 1486?
-119
In base 9, what is 16 - 25346217?
-25346201
In base 10, what is -22450 - -53?
-22397
In base 5, what is 100 + 3204223041?
3204223141
In base 4, what is -121303023010 + 11?
-121303022333
In base 5, what is -10 - -12041140023?
12041140013
In base 3, what is 2112101 - 11221120111?
-11212001010
In base 14, what is 14b933 + 11?
14b944
In base 15, what is 5b4aa + -6?
5b4a4
In base 16, what is -123 - 2f61a?
-2f73d
In base 12, what is -16769b - 209?
-1678a8
In base 4, what is 112123112131022 + -10?
112123112131012
In base 12, what is 23 + -5685756?
-5685733
In base 10, what is 25 - 10180489?
-10180464
In base 7, what is 261525 + 223?
262051
In base 11, what is 0 + -4315383?
-4315383
In base 2, what is -1000000011001100110 - 1000011?
-1000000011010101001
In base 8, what is -110 + -10225116?
-10225226
In base 6, what is 3 + -521233244?
-521233241
In base 10, what is 2475 + 7110?
9585
In base 13, what is -8a4 - -1966?
1092
In base 15, what is -13 - 15c1a31?
-15c1a44
In base 14, what is 3 - -4c8d05?
4c8d08
In base 14, what is -1c9b196 - -5?
-1c9b191
In base 12, what is -5682660 - -23?
-5682639
In base 14, what is -44 + 11d37?
11cd3
In base 2, what is 100101111100 - -11011000111011?
11111110110111
In base 16, what is a7 - c905?
-c85e
In base 8, what is 0 + -7421747?
-7421747
In base 4, what is -10103231332320 + 2?
-10103231332312
In base 15, what is 1 + -1603d8?
-1603d7
In base 12, what is 58b03 - -549?
59450
In base 10, what is 180 + -173940?
-173760
In base 16, what is 5 - -357f9f?
357fa4
In base 4, what is -3011012 - -12302203?
3231131
In base 13, what is -316ac + 91?
-3161b
In base 9, what is 3 - 1323802?
-1323788
In base 16, what is 5 - 1bd5bb1?
-1bd5bac
In base 10, what is -1188 + 948?
-240
In base 5, what is 34242044 - 34143?
34202401
In base 13, what is -b2cb1b + 2a?
-b2cac1
In base 11, what is -a73 + a45?
-29
In base 3, what is 21 - -20122022011000102?
20122022011000200
In base 12, what is 29 + -910a70?
-910a43
In base 3, what is -10 - 10022220220120221?
-10022220220121001
In base 15, what is ae34c1d - -5?
ae34c23
In base 14, what is -2 - a3bdb1?
-a3bdb3
In base 9, what is 557822 + 74?
558006
In base 9, what is -528846 + -10?
-528856
In base 13, what is -c9b197 - -4?
-c9b193
In base 4, what is 12300 - 10213302313?
-10213230013
In base 14, what is -266c + 4c051?
497c3
In base 4, what is -11222203221223 + 11?
-11222203221212
In base 11, what is 2438 + 890?
3218
In base 6, what is 2035 + -3531132?
-3525053
In base 15, what is -87e7 - -2a?
-87bc
In base 14, what is -1 + -2dc1564?
-2dc1565
In base 11, what is 93716 + 12?
93728
In base 10, what is 520940 - 2?
520938
In base 8, what is -410351 + 65?
-410264
In base 11, what is -4 - 51a533?
-51a537
In base 3, what is -1010 - -200110011021?
200110010011
In base 3, what is -10222202220 - -201?
-10222202012
In base 16, what is -c6f79 + -519?
-c7492
In base 13, what is -4cb9 - 262?
-524b
In base 5, what is -3214111424131 - 4?
-3214111424140
In base 7, what is 1312 + 35642?
40254
In base 9, what is -87526 - 302?
-87828
In base 5, what is -4 + -14331004014?
-14331004023
In base 7, what is 462245 - 14?
462231
In base 8, what is 621203 + -16?
621165
In base 6, what is -1234 + 1055554?
1054320
In base 13, what is -26 + 6897?
6871
In base 7, what is 5001 - -200102?
205103
In base 9, what is 26872 + 17027?
45010
In base 8, what is 571 + -62202?
-61411
In base 14, what is 3958 + 5b?
39b5
In base 8, what is -7 + -225427466?
-225427475
In base 6, what is -4 + 240050510?
240050502
In base 6, what is 34 + 1305115150?
1305115224
In base 14, what is 4567619 - 5?
4567614
In base 7, what is 130 + 1240504?
1240634
In base 14, what is -1 + -389311?
-389312
In base 5, what is 3131344234 - -100?
3131344334
In base 15, what is -3 + -33c6493?
-33c6496
In base 7, what is 14040035 - 11?
14040024
In base 6, what is -12 - -431023514?
431023502
In base 12, what is 2a2432 + -7?
2a2427
In base 4, what is 3303113333 + -2333?
3303111000
In base 8, what is 112 + 11603666?
11604000
In base 11, what is 18366 + -311?
18055
In base 12, what is 1 + -557a4098?
-557